 prime factors of 835?
5, 167
What are the prime factors of 15624?
2, 3, 7, 31
List the prime factors of 5181.
3, 11, 157
What are the prime factors of 692?
2, 173
List the prime factors of 8864.
2, 277
List the prime factors of 28539.
3, 7, 151
What are the prime factors of 58063?
31, 1873
What are the prime factors of 1373?
1373
List the prime factors of 8920.
2, 5, 223
What are the prime factors of 641?
641
What are the prime factors of 18658?
2, 19, 491
What are the prime factors of 2188?
2, 547
List the prime factors of 11918.
2, 59, 101
List the prime factors of 1386.
2, 3, 7, 11
What are the prime factors of 710?
2, 5, 71
List the prime factors of 24076.
2, 13, 463
What are the prime factors of 91557?
3, 3391
What are the prime factors of 21522?
2, 3, 17, 211
List the prime factors of 4265.
5, 853
What are the prime factors of 8894?
2, 4447
List the prime factors of 261.
3, 29
What are the prime factors of 186?
2, 3, 31
List the prime factors of 18060.
2, 3, 5, 7, 43
What are the prime factors of 1275?
3, 5, 17
List the prime factors of 2254.
2, 7, 23
List the prime factors of 29805.
3, 5, 1987
List the prime factors of 2067.
3, 13, 53
What are the prime factors of 4749?
3, 1583
What are the prime factors of 79489?
29, 2741
List the prime factors of 69774.
2, 3, 29, 401
List the prime factors of 1045.
5, 11, 19
List the prime factors of 1025.
5, 41
What are the prime factors of 110563?
110563
List the prime factors of 50843.
13, 3911
What are the prime factors of 7712?
2, 241
What are the prime factors of 674?
2, 337
What are the prime factors of 2852?
2, 23, 31
What are the prime factors of 3088?
2, 193
What are the prime factors of 2853?
3, 317
What are the prime factors of 56997?
3, 2111
List the prime factors of 14509.
11, 1319
What are the prime factors of 6461?
7, 13, 71
List the prime factors of 1528.
2, 191
What are the prime factors of 2489?
19, 131
What are the prime factors of 507?
3, 13
List the prime factors of 2909.
2909
What are the prime factors of 115?
5, 23
List the prime factors of 868.
2, 7, 31
List the prime factors of 2045.
5, 409
List the prime factors of 161.
7, 23
What are the prime factors of 308?
2, 7, 11
List the prime factors of 6605.
5, 1321
What are the prime factors of 1520?
2, 5, 19
List the prime factors of 7181.
43, 167
List the prime factors of 2718.
2, 3, 151
What are the prime factors of 211?
211
List the prime factors of 7031.
79, 89
List the prime factors of 26404.
2, 7, 23, 41
What are the prime factors of 2922?
2, 3, 487
What are the prime factors of 413?
7, 59
List the prime factors of 12420.
2, 3, 5, 23
List the prime factors of 186356.
2, 46589
List the prime factors of 1544.
2, 193
List the prime factors of 47.
47
What are the prime factors of 11034?
2, 3, 613
List the prime factors of 6673.
6673
List the prime factors of 26064.
2, 3, 181
List the prime factors of 19018.
2, 37, 257
List the prime factors of 17770.
2, 5, 1777
What are the prime factors of 13006?
2, 7, 929
What are the prime factors of 1084?
2, 271
List the prime factors of 34743.
3, 37, 313
What are the prime factors of 9522?
2, 3, 23
List the prime factors of 2499.
3, 7, 17
What are the prime factors of 15912?
2, 3, 13, 17
List the prime factors of 844.
2, 211
What are the prime factors of 1097?
1097
List the prime factors of 898.
2, 449
List the prime factors of 62.
2, 31
What are the prime factors of 7206?
2, 3, 1201
List the prime factors of 108638.
2, 54319
What are the prime factors of 48483?
3, 5387
What are the prime factors of 4403?
7, 17, 37
What are the prime factors of 8928?
2, 3, 31
List the prime factors of 9335.
5, 1867
List the prime factors of 846.
2, 3, 47
List the prime factors of 21078.
2, 3, 1171
What are the prime factors of 6740?
2, 5, 337
What are the prime factors of 65178?
2, 3, 17, 71
List the prime factors of 3141.
3, 349
What are the prime factors of 5215?
5, 7, 149
List the prime factors of 2719.
2719
List the prime factors of 36883.
7, 11, 479
List the prime factors of 20894.
2, 31, 337
What are the prime factors of 27676?
2, 11, 17, 37
What are the prime factors of 7477?
7477
What are the prime factors of 12673?
19, 23, 29
List the prime factors of 109468.
2, 27367
What are the prime factors of 22877?
22877
What are the prime factors of 2934?
2, 3, 163
What are the prime factors of 13436?
2, 3359
What are the prime factors of 1348?
2, 337
What are the prime factors of 33092?
2, 8273
List the prime factors of 12538.
2, 6269
List the prime factors of 8686.
2, 43, 101
List the prime factors of 108963.
3, 12107
What are the prime factors of 154766?
2, 77383
What are the prime factors of 3775?
5, 151
List the prime factors of 40959.
3, 37, 41
What are the prime factors of 2434?
2, 1217
What are the prime factors of 975?
3, 5, 13
What are the prime factors of 1952?
2, 61
List the prime factors of 6881.
7, 983
What are the prime factors of 15600?
2, 3, 5, 13
List the prime factors of 89456.
2, 5591
List the prime factors of 2965.
5, 593
What are the prime factors of 14865?
3, 5, 991
List the prime factors of 608.
2, 19
What are the prime factors of 2147?
19, 113
What are the prime factors of 52102?
2, 109, 239
List the prime factors of 26075.
5, 7, 149
List the prime factors of 1241.
17, 73
What are the prime factors of 231?
3, 7, 11
List the prime factors of 13644.
2, 3, 379
List the prime factors of 1306.
2, 653
What are the prime factors of 951?
3, 317
List the prime factors of 1856.
2, 29
What are the prime factors of 1877?
1877
What are the prime factors of 776?
2, 97
What are the prime factors of 11107?
29, 383
List the prime factors of 64942.
2, 19, 1709
List the prime factors of 5595.
3, 5, 373
List the prime factors of 608.
2, 19
List the prime factors of 1610.
2, 5, 7, 23
What are the prime factors of 7426?
2, 47, 79
List the prime factors of 4221.
3, 7, 67
List the prime factors of 12078.
2, 3, 11, 61
List the prime factors of 12221.
11, 101
List the prime factors of 65364.
2, 3, 13, 419
List the prime factors of 6629.
7, 947
List the prime factors of 17463.
3, 5821
List the prime factors of 309.
3, 103
What are the prime factors of 43554?
2, 3, 7, 17, 61
List the prime factors of 754.
2, 13, 29
What are the prime factors of 4?
2
What are the prime factors of 43947?
3, 19, 257
List the prime factors of 32159.
32159
List the prime factors of 10225.
5, 409
List the prime factors of 1357.
23, 59
List the prime factors of 63431.
137, 463
List the prime factors of 10127.
13, 19, 41
What are the prime factors of 7137?
3, 13, 61
List the prime factors of 13468.
2, 7, 13, 37
List the prime factors of 10031.
7, 1433
What are the prime factors of 585?
3, 5, 13
List the prime factors of 4628.
2, 13, 89
List the prime factors of 11422.
2, 5711
List the prime factors of 18812.
2, 4703
What are the prime factors of 42082?
2, 53, 397
List the prime factors of 138.
2, 3, 23
List the prime factors of 2631.
3, 877
What are the prime factors of 15803?
15803
What are the prime factors of 15135?
3, 5, 1009
List the prime factors of 15823.
15823
What are the prime factors of 52020?
2, 3, 5, 17
List the prime factors of 618.
2, 3, 103
List the prime factors of 2186.
2, 1093
What are the prime factors of 81703?
81703
List the prime factors of 6167.
7, 881
What are the prime factors of 21228?
2, 3, 29, 61
List the prime factors of 26661.
3, 8887
What are the prime factors of 292?
2, 73
What are the prime factors of 37484?
2, 9371
What are the prime factors of 20641?
20641
List the prime factors of 76566.
2, 3, 7, 1823
List the prime factors of 76729.
277
List the prime factors of 208872.
2, 3, 967
List the prime factors of 2643.
3, 881
What are the prime factors of 97282?
2, 127, 383
What are the prime factors of 35261?
37, 953
List the prime factors of 982.
2, 491
List the prime factors of 139693.
29, 4817
List the prime factors of 47229.
3, 7, 13, 173
List the prime factors of 23733.
3, 293
What are the prime factors of 1699?
1699
What are the prime factors of 25059?
3, 8353
List the prime factors of 48.
2, 3
What are the prime factors of 1117?
1117
List the prime factors of 76.
2, 19
List the prime factors of 34260.
2, 3, 5, 571
What are the prime factors of 2706?
2, 3, 11, 41
List the prime factors of 5856